{"id":262,"date":"2018-12-31T15:13:24","date_gmt":"2018-12-31T14:13:24","guid":{"rendered":"http:\/\/zo2rkaezon.preview.infomaniak.website\/?page_id=262"},"modified":"2019-01-29T09:35:31","modified_gmt":"2019-01-29T08:35:31","slug":"domaines-et-lieux-de-reception","status":"publish","type":"page","link":"https:\/\/inspirations-sonores.com\/index.php\/votre-mariage\/domaines-et-lieux-de-reception\/","title":{"rendered":"Domaines et lieux de r\u00e9ception"},"content":{"rendered":"\n<p>Sax in the Wood collabore r\u00e9guli\u00e8rement avec des <strong>professionnels de l&rsquo;\u00e9v\u00e8nementiel<\/strong> en g\u00e9n\u00e9ral, et du mariage en particulier dans le Sud de la France.&nbsp;<br>Le duo est ainsi en contact avec des <strong>lieux d&rsquo;exception<\/strong> qui sauront vous accueillir pour rendre votre journ\u00e9e encore plus particuli\u00e8re.&nbsp;<\/p>\n\n\n\n<blockquote class=\"wp-block-quote is-layout-flow wp-block-quote-is-layout-flow\"><p>Envie de vivre, l&rsquo;espace d&rsquo;un instant la vie de Ch\u00e2teau dans un cadre idyllique ?<\/p><\/blockquote>\n\n\n\n<p style=\"text-align:center\" class=\"has-text-color has-background has-medium-font-size has-vivid-red-color has-very-light-gray-background-color\">Notre coup de coeur : Le Ch\u00e2teau de Pondres****<\/p>\n\n\n\n<div class=\"wp-block-image\"><figure class=\"aligncenter\"><img loading=\"lazy\" decoding=\"async\" width=\"908\" height=\"608\" src=\"http:\/\/zo2rkaezon.preview.infomaniak.website\/wp-content\/uploads\/2019\/01\/pondres-1.jpg\" alt=\"\" class=\"wp-image-759\" srcset=\"https:\/\/inspirations-sonores.com\/wp-content\/uploads\/2019\/01\/pondres-1.jpg 908w, https:\/\/inspirations-sonores.com\/wp-content\/uploads\/2019\/01\/pondres-1-300x201.jpg 300w, https:\/\/inspirations-sonores.com\/wp-content\/uploads\/2019\/01\/pondres-1-768x514.jpg 768w\" sizes=\"auto, (max-width: 908px) 100vw, 908px\" \/><figcaption><em>Cr\u00e9dits Photos : www.chateaudepondres.com<\/em><\/figcaption><\/figure><\/div>\n\n\n\n<p class=\"has-text-color has-vivid-red-color\"><strong>Le + : Un cadre exceptionnel, un ch\u00e2teau authentique et charg\u00e9 d&rsquo;histoire !<\/strong><\/p>\n\n\n\n<p>C\u2019est l\u2019un des plus grand ch\u00e2teau de la r\u00e9gion (<strong>parc de 15 hectares, jardin \u00e0 la fran\u00e7aise, Cour d\u2019Honneur de 500 m\u00b2, bassin et fontaines, 6 salons, une chapelle\u2026<\/strong>). Place forte du Seigneur d\u2019Anduze au 12\u00e8me si\u00e8cle, le Ch\u00e2teau de Pondres**** a connu de multiples vies\u2026 Apr\u00e8s plus de 10 ans de r\u00e9novation, le lieu class\u00e9 <strong>monument historique<\/strong> devient aujourd\u2019hui un <strong>d\u00e9cor r\u00eav\u00e9<\/strong> pour les mariages, \u00e9v\u00e9nements priv\u00e9s et professionnels.<\/p>\n\n\n\n<blockquote class=\"wp-block-quote is-layout-flow wp-block-quote-is-layout-flow\"><p>Une v\u00e9ritable parenth\u00e8se hors des agitations du si\u00e8cle, dans l\u2019authenticit\u00e9 d\u2019un patrimoine d\u2019histoire et de beaut\u00e9 ! Un lieu propice au ressourcement et \u00e0 l\u2019\u00e9panouissement&#8230;<\/p><\/blockquote>\n\n\n\n<p class=\"has-text-color has-vivid-red-color\"><strong>Localisation : Entre M\u00e9diterran\u00e9e et C\u00e9vennes, en Occitanie<\/strong><\/p>\n\n\n\n<p>Entre N\u00eemes (Gard) et Montpellier (H\u00e9rault) le Ch\u00e2teau de Pondres**** est situ\u00e9 \u00e0 quelques encablures de la <strong>ville m\u00e9di\u00e9vale de Sommi\u00e8res<\/strong> dans le Gard. <br><em>( Adresse du lieu : Ch\u00e2teau de Pondres, 2 all\u00e9e du pigeonnier, 30250 Villevieille)<\/em><\/p>\n\n\n\n<figure class=\"wp-block-image\"><a href=\"https:\/\/www.chateaudepondres.fr\"><img loading=\"lazy\" decoding=\"async\" width=\"1024\" height=\"300\" src=\"http:\/\/zo2rkaezon.preview.infomaniak.website\/wp-content\/uploads\/2019\/01\/chateau-de-pondres-sommiere-nimes-villevieille-gard-restaurant-hotel-anniversaire-exterieur-en-face-e1548695352859-1024x300.png\" alt=\"\" class=\"wp-image-762\" srcset=\"https:\/\/inspirations-sonores.com\/wp-content\/uploads\/2019\/01\/chateau-de-pondres-sommiere-nimes-villevieille-gard-restaurant-hotel-anniversaire-exterieur-en-face-e1548695352859-1024x300.png 1024w, https:\/\/inspirations-sonores.com\/wp-content\/uploads\/2019\/01\/chateau-de-pondres-sommiere-nimes-villevieille-gard-restaurant-hotel-anniversaire-exterieur-en-face-e1548695352859-300x88.png 300w, https:\/\/inspirations-sonores.com\/wp-content\/uploads\/2019\/01\/chateau-de-pondres-sommiere-nimes-villevieille-gard-restaurant-hotel-anniversaire-exterieur-en-face-e1548695352859-768x225.png 768w, https:\/\/inspirations-sonores.com\/wp-content\/uploads\/2019\/01\/chateau-de-pondres-sommiere-nimes-villevieille-gard-restaurant-hotel-anniversaire-exterieur-en-face-e1548695352859.png 1200w\" sizes=\"auto, (max-width: 1024px) 100vw, 1024px\" \/><\/a><\/figure>\n\n\n\n<p style=\"text-align:center\" class=\"has-text-color has-background has-vivid-red-color has-very-light-gray-background-color\"><a rel=\"noreferrer noopener\" aria-label=\"Pour visiter leur site Web, c'est ici ! (s\u2019ouvre dans un nouvel onglet)\" href=\"http:\/\/www.chateaudepondres.com\" target=\"_blank\"><strong>Pour visiter leur site Web, c&rsquo;est ici !<\/strong><\/a><\/p>\n\n\n\n<p class=\"has-text-color has-vivid-red-color\"><strong>Prestations : Location des diff\u00e9rents espaces, H\u00f4tel 4*, Restaurant Gastronomique et Espace Bien-\u00catre Sothys<\/strong><\/p>\n\n\n\n<p>Les tarifs sont \u00e9tablis en fonction des espaces utilis\u00e9s, de la dur\u00e9e de la location, de la saison, des prestations de restauration et options \u00e9ventuelles. <br>N&rsquo;h\u00e9sitez pas \u00e0 <strong>les contacter<\/strong>, l&rsquo;\u00e9quipe commerciale est \u00e0 l&rsquo;\u00e9coute et se fera un plaisir d&rsquo;\u00e9tablir une <strong>offre personnalis\u00e9e<\/strong>, sur mesure, pour r\u00e9pondre au mieux \u00e0 vos attentes !<br><em>(Vin d\u2019Honneur \u00e0 partir de 45\u20ac par pers. Repas et vins inclus : \u00e0 partir de 100 \u20ac par pers. Privatisation du Ch\u00e2teau \u00e0 partir de 3000\u20ac&#8230;)<\/em><\/p>\n\n\n\n<p style=\"text-align:center\" class=\"has-text-color has-background has-vivid-red-color has-very-light-gray-background-color\"><strong>Obtenir un devis ou effectuer une visite ?&nbsp;<\/strong><br><a rel=\"noreferrer noopener\" href=\"mailto:event@chateaudepondres.com\" target=\"_blank\">event@chateaudepondres.com<\/a><br><em>Service Commercial : 04 66 35 97 20<\/em><\/p>\n\n\n\n<p class=\"has-text-color has-vivid-red-color\"><strong>L&rsquo;avis du duo :<\/strong><\/p>\n\n\n\n<p style=\"color:#696d71\" class=\"has-text-color\"><em>\u00ab\u00a0Nous avons la chance, en tant que musiciens, de travailler dans de nombreux lieux et celui-ci est particuli\u00e8rement sp\u00e9cial. Il est pour nous la d\u00e9finition absolue du luxe : rien d&rsquo;ostentatoire ou de surfait mais une v\u00e9ritable authenticit\u00e9 o\u00f9 que l&rsquo;on pose son regard, une \u00e9l\u00e9gance dans les rapports humains (il y a un r\u00e9el respect des gens qui ne se limite pas \u00e0 la client\u00e8le), et la sensation d&rsquo;un temps qui s&rsquo;arr\u00eate, qui s&rsquo;\u00e9tire &#8230; C&rsquo;est un endroit magique que nous vous recommandons fortement. (Et les plats sont divins !) \u00a0\u00bb Claire et Fabien<\/em><\/p>\n","protected":false},"excerpt":{"rendered":"<p>Sax in the Wood collabore r\u00e9guli\u00e8rement avec des professionnels de l&rsquo;\u00e9v\u00e8nementiel en g\u00e9n\u00e9ral, et du mariage en particulier dans le Sud de la France.&nbsp;Le duo est ainsi en contact avec des lieux d&rsquo;exception qui sauront vous accueillir pour rendre votre journ\u00e9e encore plus particuli\u00e8re.&nbsp; Envie de vivre, l&rsquo;espace d&rsquo;un instant la vie de Ch\u00e2teau dans&#8230;<\/p>\n<p><a href=\"https:\/\/inspirations-sonores.com\/index.php\/votre-mariage\/domaines-et-lieux-de-reception\/\"><span class=\"glyphicon glyphicon-arrow-right\"><\/span>&nbsp;Poursuivre la lecture<\/a><\/p>","protected":false},"author":1,"featured_media":778,"parent":253,"menu_order":0,"comment_status":"closed","ping_status":"closed","template":"","meta":{"footnotes":""},"class_list":["post-262","page","type-page","status-publish","has-post-thumbnail","hentry"],"yoast_head":"<!-- This site is optimized with the Yoast SEO plugin v27.3 - https:\/\/yoast.com\/product\/yoast-seo-wordpress\/ -->\n<title>Domaines et lieux de r\u00e9ception - Inspirations Sonores<\/title>\n<meta name=\"description\" content=\"Des lieux d&#039;exception pour votre c\u00e9r\u00e9monie de mariage, votre cocktail, vin d&#039;honneur, ou votre soir\u00e9e dans l&#039;H\u00e9rault ou le Gard... Ch\u00e2teau de Pondres\" \/>\n<meta name=\"robots\" content=\"index, follow, max-snippet:-1, max-image-preview:large, max-video-preview:-1\" \/>\n<link rel=\"canonical\" href=\"https:\/\/inspirations-sonores.com\/index.php\/votre-mariage\/domaines-et-lieux-de-reception\/\" \/>\n<meta property=\"og:locale\" content=\"fr_FR\" \/>\n<meta property=\"og:type\" content=\"article\" \/>\n<meta property=\"og:title\" content=\"Domaines et lieux de r\u00e9ception - Inspirations Sonores\" \/>\n<meta property=\"og:description\" content=\"Des lieux d&#039;exception pour votre c\u00e9r\u00e9monie de mariage, votre cocktail, vin d&#039;honneur, ou votre soir\u00e9e dans l&#039;H\u00e9rault ou le Gard... Ch\u00e2teau de Pondres\" \/>\n<meta property=\"og:url\" content=\"https:\/\/inspirations-sonores.com\/index.php\/votre-mariage\/domaines-et-lieux-de-reception\/\" \/>\n<meta property=\"og:site_name\" content=\"Inspirations Sonores\" \/>\n<meta property=\"article:publisher\" content=\"https:\/\/www.facebook.com\/InspirationsSonores\/\" \/>\n<meta property=\"article:modified_time\" content=\"2019-01-29T08:35:31+00:00\" \/>\n<meta property=\"og:image\" content=\"https:\/\/inspirations-sonores.com\/wp-content\/uploads\/2019\/01\/beautiful-flowers-in-brides-hands_925x-1.jpg\" \/>\n\t<meta property=\"og:image:width\" content=\"925\" \/>\n\t<meta property=\"og:image:height\" content=\"618\" \/>\n\t<meta property=\"og:image:type\" content=\"image\/jpeg\" \/>\n<meta name=\"twitter:card\" content=\"summary_large_image\" \/>\n<meta name=\"twitter:label1\" content=\"Dur\u00e9e de lecture estim\u00e9e\" \/>\n\t<meta name=\"twitter:data1\" content=\"2 minutes\" \/>\n<script type=\"application\/ld+json\" class=\"yoast-schema-graph\">{\"@context\":\"https:\\\/\\\/schema.org\",\"@graph\":[{\"@type\":\"WebPage\",\"@id\":\"https:\\\/\\\/inspirations-sonores.com\\\/index.php\\\/votre-mariage\\\/domaines-et-lieux-de-reception\\\/\",\"url\":\"https:\\\/\\\/inspirations-sonores.com\\\/index.php\\\/votre-mariage\\\/domaines-et-lieux-de-reception\\\/\",\"name\":\"Domaines et lieux de r\u00e9ception - Inspirations Sonores\",\"isPartOf\":{\"@id\":\"https:\\\/\\\/inspirations-sonores.com\\\/#website\"},\"primaryImageOfPage\":{\"@id\":\"https:\\\/\\\/inspirations-sonores.com\\\/index.php\\\/votre-mariage\\\/domaines-et-lieux-de-reception\\\/#primaryimage\"},\"image\":{\"@id\":\"https:\\\/\\\/inspirations-sonores.com\\\/index.php\\\/votre-mariage\\\/domaines-et-lieux-de-reception\\\/#primaryimage\"},\"thumbnailUrl\":\"https:\\\/\\\/inspirations-sonores.com\\\/wp-content\\\/uploads\\\/2019\\\/01\\\/beautiful-flowers-in-brides-hands_925x-1.jpg\",\"datePublished\":\"2018-12-31T14:13:24+00:00\",\"dateModified\":\"2019-01-29T08:35:31+00:00\",\"description\":\"Des lieux d'exception pour votre c\u00e9r\u00e9monie de mariage, votre cocktail, vin d'honneur, ou votre soir\u00e9e dans l'H\u00e9rault ou le Gard... Ch\u00e2teau de Pondres\",\"breadcrumb\":{\"@id\":\"https:\\\/\\\/inspirations-sonores.com\\\/index.php\\\/votre-mariage\\\/domaines-et-lieux-de-reception\\\/#breadcrumb\"},\"inLanguage\":\"fr-FR\",\"potentialAction\":[{\"@type\":\"ReadAction\",\"target\":[\"https:\\\/\\\/inspirations-sonores.com\\\/index.php\\\/votre-mariage\\\/domaines-et-lieux-de-reception\\\/\"]}]},{\"@type\":\"ImageObject\",\"inLanguage\":\"fr-FR\",\"@id\":\"https:\\\/\\\/inspirations-sonores.com\\\/index.php\\\/votre-mariage\\\/domaines-et-lieux-de-reception\\\/#primaryimage\",\"url\":\"https:\\\/\\\/inspirations-sonores.com\\\/wp-content\\\/uploads\\\/2019\\\/01\\\/beautiful-flowers-in-brides-hands_925x-1.jpg\",\"contentUrl\":\"https:\\\/\\\/inspirations-sonores.com\\\/wp-content\\\/uploads\\\/2019\\\/01\\\/beautiful-flowers-in-brides-hands_925x-1.jpg\",\"width\":925,\"height\":618},{\"@type\":\"BreadcrumbList\",\"@id\":\"https:\\\/\\\/inspirations-sonores.com\\\/index.php\\\/votre-mariage\\\/domaines-et-lieux-de-reception\\\/#breadcrumb\",\"itemListElement\":[{\"@type\":\"ListItem\",\"position\":1,\"name\":\"Accueil\",\"item\":\"https:\\\/\\\/inspirations-sonores.com\\\/\"},{\"@type\":\"ListItem\",\"position\":2,\"name\":\"Votre mariage\",\"item\":\"https:\\\/\\\/inspirations-sonores.com\\\/index.php\\\/votre-mariage\\\/\"},{\"@type\":\"ListItem\",\"position\":3,\"name\":\"Domaines et lieux de r\u00e9ception\"}]},{\"@type\":\"WebSite\",\"@id\":\"https:\\\/\\\/inspirations-sonores.com\\\/#website\",\"url\":\"https:\\\/\\\/inspirations-sonores.com\\\/\",\"name\":\"Inspirations Sonores\",\"description\":\"La musique, mais pas que...\",\"publisher\":{\"@id\":\"https:\\\/\\\/inspirations-sonores.com\\\/#organization\"},\"potentialAction\":[{\"@type\":\"SearchAction\",\"target\":{\"@type\":\"EntryPoint\",\"urlTemplate\":\"https:\\\/\\\/inspirations-sonores.com\\\/?s={search_term_string}\"},\"query-input\":{\"@type\":\"PropertyValueSpecification\",\"valueRequired\":true,\"valueName\":\"search_term_string\"}}],\"inLanguage\":\"fr-FR\"},{\"@type\":\"Organization\",\"@id\":\"https:\\\/\\\/inspirations-sonores.com\\\/#organization\",\"name\":\"Inspirations Sonores\",\"url\":\"https:\\\/\\\/inspirations-sonores.com\\\/\",\"logo\":{\"@type\":\"ImageObject\",\"inLanguage\":\"fr-FR\",\"@id\":\"https:\\\/\\\/inspirations-sonores.com\\\/#\\\/schema\\\/logo\\\/image\\\/\",\"url\":\"https:\\\/\\\/inspirations-sonores.com\\\/wp-content\\\/uploads\\\/2017\\\/01\\\/cropped-logo-fondblanc.jpg\",\"contentUrl\":\"https:\\\/\\\/inspirations-sonores.com\\\/wp-content\\\/uploads\\\/2017\\\/01\\\/cropped-logo-fondblanc.jpg\",\"width\":512,\"height\":512,\"caption\":\"Inspirations Sonores\"},\"image\":{\"@id\":\"https:\\\/\\\/inspirations-sonores.com\\\/#\\\/schema\\\/logo\\\/image\\\/\"},\"sameAs\":[\"https:\\\/\\\/www.facebook.com\\\/InspirationsSonores\\\/\",\"https:\\\/\\\/www.instagram.com\\\/claire_sax_in_the_wood\\\/reels\\\/\"]}]}<\/script>\n<!-- \/ Yoast SEO plugin. -->","yoast_head_json":{"title":"Domaines et lieux de r\u00e9ception - Inspirations Sonores","description":"Des lieux d'exception pour votre c\u00e9r\u00e9monie de mariage, votre cocktail, vin d'honneur, ou votre soir\u00e9e dans l'H\u00e9rault ou le Gard... Ch\u00e2teau de Pondres","robots":{"index":"index","follow":"follow","max-snippet":"max-snippet:-1","max-image-preview":"max-image-preview:large","max-video-preview":"max-video-preview:-1"},"canonical":"https:\/\/inspirations-sonores.com\/index.php\/votre-mariage\/domaines-et-lieux-de-reception\/","og_locale":"fr_FR","og_type":"article","og_title":"Domaines et lieux de r\u00e9ception - Inspirations Sonores","og_description":"Des lieux d'exception pour votre c\u00e9r\u00e9monie de mariage, votre cocktail, vin d'honneur, ou votre soir\u00e9e dans l'H\u00e9rault ou le Gard... Ch\u00e2teau de Pondres","og_url":"https:\/\/inspirations-sonores.com\/index.php\/votre-mariage\/domaines-et-lieux-de-reception\/","og_site_name":"Inspirations Sonores","article_publisher":"https:\/\/www.facebook.com\/InspirationsSonores\/","article_modified_time":"2019-01-29T08:35:31+00:00","og_image":[{"width":925,"height":618,"url":"https:\/\/inspirations-sonores.com\/wp-content\/uploads\/2019\/01\/beautiful-flowers-in-brides-hands_925x-1.jpg","type":"image\/jpeg"}],"twitter_card":"summary_large_image","twitter_misc":{"Dur\u00e9e de lecture estim\u00e9e":"2 minutes"},"schema":{"@context":"https:\/\/schema.org","@graph":[{"@type":"WebPage","@id":"https:\/\/inspirations-sonores.com\/index.php\/votre-mariage\/domaines-et-lieux-de-reception\/","url":"https:\/\/inspirations-sonores.com\/index.php\/votre-mariage\/domaines-et-lieux-de-reception\/","name":"Domaines et lieux de r\u00e9ception - Inspirations Sonores","isPartOf":{"@id":"https:\/\/inspirations-sonores.com\/#website"},"primaryImageOfPage":{"@id":"https:\/\/inspirations-sonores.com\/index.php\/votre-mariage\/domaines-et-lieux-de-reception\/#primaryimage"},"image":{"@id":"https:\/\/inspirations-sonores.com\/index.php\/votre-mariage\/domaines-et-lieux-de-reception\/#primaryimage"},"thumbnailUrl":"https:\/\/inspirations-sonores.com\/wp-content\/uploads\/2019\/01\/beautiful-flowers-in-brides-hands_925x-1.jpg","datePublished":"2018-12-31T14:13:24+00:00","dateModified":"2019-01-29T08:35:31+00:00","description":"Des lieux d'exception pour votre c\u00e9r\u00e9monie de mariage, votre cocktail, vin d'honneur, ou votre soir\u00e9e dans l'H\u00e9rault ou le Gard... Ch\u00e2teau de Pondres","breadcrumb":{"@id":"https:\/\/inspirations-sonores.com\/index.php\/votre-mariage\/domaines-et-lieux-de-reception\/#breadcrumb"},"inLanguage":"fr-FR","potentialAction":[{"@type":"ReadAction","target":["https:\/\/inspirations-sonores.com\/index.php\/votre-mariage\/domaines-et-lieux-de-reception\/"]}]},{"@type":"ImageObject","inLanguage":"fr-FR","@id":"https:\/\/inspirations-sonores.com\/index.php\/votre-mariage\/domaines-et-lieux-de-reception\/#primaryimage","url":"https:\/\/inspirations-sonores.com\/wp-content\/uploads\/2019\/01\/beautiful-flowers-in-brides-hands_925x-1.jpg","contentUrl":"https:\/\/inspirations-sonores.com\/wp-content\/uploads\/2019\/01\/beautiful-flowers-in-brides-hands_925x-1.jpg","width":925,"height":618},{"@type":"BreadcrumbList","@id":"https:\/\/inspirations-sonores.com\/index.php\/votre-mariage\/domaines-et-lieux-de-reception\/#breadcrumb","itemListElement":[{"@type":"ListItem","position":1,"name":"Accueil","item":"https:\/\/inspirations-sonores.com\/"},{"@type":"ListItem","position":2,"name":"Votre mariage","item":"https:\/\/inspirations-sonores.com\/index.php\/votre-mariage\/"},{"@type":"ListItem","position":3,"name":"Domaines et lieux de r\u00e9ception"}]},{"@type":"WebSite","@id":"https:\/\/inspirations-sonores.com\/#website","url":"https:\/\/inspirations-sonores.com\/","name":"Inspirations Sonores","description":"La musique, mais pas que...","publisher":{"@id":"https:\/\/inspirations-sonores.com\/#organization"},"potentialAction":[{"@type":"SearchAction","target":{"@type":"EntryPoint","urlTemplate":"https:\/\/inspirations-sonores.com\/?s={search_term_string}"},"query-input":{"@type":"PropertyValueSpecification","valueRequired":true,"valueName":"search_term_string"}}],"inLanguage":"fr-FR"},{"@type":"Organization","@id":"https:\/\/inspirations-sonores.com\/#organization","name":"Inspirations Sonores","url":"https:\/\/inspirations-sonores.com\/","logo":{"@type":"ImageObject","inLanguage":"fr-FR","@id":"https:\/\/inspirations-sonores.com\/#\/schema\/logo\/image\/","url":"https:\/\/inspirations-sonores.com\/wp-content\/uploads\/2017\/01\/cropped-logo-fondblanc.jpg","contentUrl":"https:\/\/inspirations-sonores.com\/wp-content\/uploads\/2017\/01\/cropped-logo-fondblanc.jpg","width":512,"height":512,"caption":"Inspirations Sonores"},"image":{"@id":"https:\/\/inspirations-sonores.com\/#\/schema\/logo\/image\/"},"sameAs":["https:\/\/www.facebook.com\/InspirationsSonores\/","https:\/\/www.instagram.com\/claire_sax_in_the_wood\/reels\/"]}]}},"_links":{"self":[{"href":"https:\/\/inspirations-sonores.com\/index.php\/wp-json\/wp\/v2\/pages\/262","targetHints":{"allow":["GET"]}}],"collection":[{"href":"https:\/\/inspirations-sonores.com\/index.php\/wp-json\/wp\/v2\/pages"}],"about":[{"href":"https:\/\/inspirations-sonores.com\/index.php\/wp-json\/wp\/v2\/types\/page"}],"author":[{"embeddable":true,"href":"https:\/\/inspirations-sonores.com\/index.php\/wp-json\/wp\/v2\/users\/1"}],"replies":[{"embeddable":true,"href":"https:\/\/inspirations-sonores.com\/index.php\/wp-json\/wp\/v2\/comments?post=262"}],"version-history":[{"count":0,"href":"https:\/\/inspirations-sonores.com\/index.php\/wp-json\/wp\/v2\/pages\/262\/revisions"}],"up":[{"embeddable":true,"href":"https:\/\/inspirations-sonores.com\/index.php\/wp-json\/wp\/v2\/pages\/253"}],"wp:featuredmedia":[{"embeddable":true,"href":"https:\/\/inspirations-sonores.com\/index.php\/wp-json\/wp\/v2\/media\/778"}],"wp:attachment":[{"href":"https:\/\/inspirations-sonores.com\/index.php\/wp-json\/wp\/v2\/media?parent=262"}],"curies":[{"name":"wp","href":"https:\/\/api.w.org\/{rel}","templated":true}]}}