{"id":1862,"date":"2020-03-06T13:12:50","date_gmt":"2020-03-06T12:12:50","guid":{"rendered":"http:\/\/zo2rkaezon.preview.infomaniak.website\/?page_id=1862"},"modified":"2024-10-31T11:20:43","modified_gmt":"2024-10-31T10:20:43","slug":"des-activites-team-bulding-pour-vos-evenements-dentreprise","status":"publish","type":"page","link":"https:\/\/inspirations-sonores.com\/index.php\/des-activites-team-bulding-pour-vos-evenements-dentreprise\/","title":{"rendered":"Des Activit\u00e9s team bulding pour vos \u00e9v\u00e9nements d&rsquo;entreprise"},"content":{"rendered":"\n<blockquote class=\"wp-block-quote has-text-align-center is-layout-flow wp-block-quote-is-layout-flow\">\n<p>Vous recherchez des id\u00e9es pour vos activit\u00e9s team building ? Vous avez envie d&rsquo;activit\u00e9s diff\u00e9rentes permettant d&rsquo;allier la comp\u00e9tence au jeu ? <\/p>\n\n\n\n<p>Choisissez des intervenants comp\u00e9tents dans les domaines de la musique et du coaching vocal !<\/p>\n<\/blockquote>\n\n\n\n<h4 class=\"wp-block-heading\">Id\u00e9e N\u00b01 pour vos team building : des ateliers ludiques de coaching vocal pour vos activit\u00e9s d&rsquo;entreprise sur N\u00eemes, Montpellier et sa r\u00e9gion<\/h4>\n\n\n\n<div class=\"wp-block-media-text alignwide has-very-light-gray-background-color has-background\" style=\"grid-template-columns:34% auto\"><figure class=\"wp-block-media-text__media\"><img loading=\"lazy\" decoding=\"async\" width=\"440\" height=\"475\" src=\"http:\/\/zo2rkaezon.preview.infomaniak.website\/wp-content\/uploads\/2020\/03\/claireprofil-copie.jpg\" alt=\"ateliers, jeux vocaux, team bulding, entreprise\" class=\"wp-image-1867 size-full\" srcset=\"https:\/\/inspirations-sonores.com\/wp-content\/uploads\/2020\/03\/claireprofil-copie.jpg 440w, https:\/\/inspirations-sonores.com\/wp-content\/uploads\/2020\/03\/claireprofil-copie-278x300.jpg 278w\" sizes=\"auto, (max-width: 440px) 100vw, 440px\" \/><\/figure><div class=\"wp-block-media-text__content\">\n<p class=\"has-text-align-left\">En parall\u00e8le de ses activit\u00e9s de chanteuse et de professeur de chant, Claire anime et cr\u00e9e des formations aupr\u00e8s des entreprises autour de la prise de parole en public et de l&rsquo;expression de soi.<\/p>\n<\/div><\/div>\n\n\n\n<hr class=\"wp-block-separator has-css-opacity\"\/>\n\n\n\n<p class=\"has-text-align-center has-vivid-red-color has-very-light-gray-background-color has-text-color has-background has-medium-font-size\">Jeux vocaux, d\u00e9couverte de ses possibilit\u00e9s vocales et de l&rsquo;impact de sa communication, doublage et jeux d&rsquo;\u00e9loquence&#8230; <\/p>\n\n\n\n<p>Entre la technique vocale, les techniques de communication, la musique ou le th\u00e9\u00e2tre, Claire vous propose des <strong>ateliers<\/strong>, <strong>accessibles \u00e0 tous<\/strong>, collectifs et <strong>ludiques<\/strong>, d&rsquo;environ 1h30. <\/p>\n\n\n\n<p>L&rsquo;objectif : am\u00e9liorer les <strong>comp\u00e9tences interpersonnelles <\/strong>de vos collaborateurs tout en s&rsquo;amusant ! <\/p>\n\n\n\n<p class=\"has-text-align-center\">Une mani\u00e8re originale de <strong>renouveler <\/strong>vos activit\u00e9s de <strong>team building<\/strong>.<\/p>\n\n\n\n<p class=\"has-text-align-center has-vivid-red-color has-very-light-gray-background-color has-text-color has-background has-medium-font-size\"><a href=\"http:\/\/zo2rkaezon.preview.infomaniak.website\/index.php\/contact\/\">Demandez plus d&rsquo;informations, ici !<\/a><br><\/p>\n\n\n\n<h4 class=\"wp-block-heading\">Id\u00e9e N\u00b02 pour vos team building : des jeux musicaux pour votre soir\u00e9e d&rsquo;entreprise<\/h4>\n\n\n\n<p>Et si, en plus du <strong>concert live<\/strong>, vous proposiez quelques <strong>jeux musicaux <\/strong>afin de faire participer plus <strong>activement<\/strong> votre \u00e9quipe, vos collaborateurs ou vos clients lors de votre cocktail ou de votre soir\u00e9e d&rsquo;entreprise ? <\/p>\n\n\n\n<p>C&rsquo;est l&rsquo;occasion de <strong>resserrer les liens<\/strong> tout en s&rsquo;amusant, et de faire de votre soir\u00e9e d&rsquo;entreprise un <strong>\u00e9v\u00e9nement unique <\/strong>dont chacun se souviendra longtemps !<\/p>\n\n\n\n<div class=\"wp-block-media-text alignwide has-media-on-the-right has-very-light-gray-background-color has-background\"><div class=\"wp-block-media-text__content\">\n<p class=\"has-text-align-center has-vivid-red-color has-text-color has-large-font-size\">Quizz et jeux musicaux<\/p>\n<\/div><figure class=\"wp-block-media-text__media\"><img loading=\"lazy\" decoding=\"async\" width=\"1024\" height=\"678\" src=\"http:\/\/zo2rkaezon.preview.infomaniak.website\/wp-content\/uploads\/2020\/03\/singer-84874_1280-1024x678.jpg\" alt=\"\" class=\"wp-image-1870 size-full\" srcset=\"https:\/\/inspirations-sonores.com\/wp-content\/uploads\/2020\/03\/singer-84874_1280-1024x678.jpg 1024w, https:\/\/inspirations-sonores.com\/wp-content\/uploads\/2020\/03\/singer-84874_1280-300x199.jpg 300w, https:\/\/inspirations-sonores.com\/wp-content\/uploads\/2020\/03\/singer-84874_1280-768x508.jpg 768w, https:\/\/inspirations-sonores.com\/wp-content\/uploads\/2020\/03\/singer-84874_1280.jpg 1280w\" sizes=\"auto, (max-width: 1024px) 100vw, 1024px\" \/><\/figure><\/div>\n\n\n\n<hr class=\"wp-block-separator has-css-opacity\"\/>\n\n\n\n<p class=\"has-very-dark-gray-color has-very-light-gray-background-color has-text-color has-background\"><strong>Le jeu musical en quelques exemples :<\/strong> <br>&#8211; Des \u00e9quipes s&rsquo;affrontent pour reconna\u00eetre les plus grands titres de musiques (film, vari\u00e9t\u00e9, standard&#8230;) jou\u00e9s au saxophone sous forme de <strong>Quizz<\/strong>. <br>&#8211; Les participants doivent compl\u00e9ter les <strong>paroles des chansons <\/strong>interpr\u00e9t\u00e9es par Claire en fran\u00e7ais <br>&#8211; <strong>Blind test vocal <\/strong>: le public doit pouvoir nommer dans l&rsquo;ordre le nom des 3 chanteurs\/euses entendus sur quelques bribes de phrases<br>&#8211; Etc. <\/p>\n\n\n\n<h4 class=\"wp-block-heading\">Envie d&rsquo;un concert live pour votre soir\u00e9e ?<\/h4>\n\n\n\n<p>Le duo Sax in the Wood se d\u00e9place sur Montpellier et sa r\u00e9gion pour  faire de votre \u00e9v\u00e9nement une r\u00e9ussite. <\/p>\n\n\n\n<p class=\"has-text-align-center has-vivid-red-color has-very-light-gray-background-color has-text-color has-background has-medium-font-size\"><a href=\"http:\/\/zo2rkaezon.preview.infomaniak.website\/index.php\/groupe-musique-soiree-entreprise-montpellier-nimes\/\">D\u00e9couvrez ce groupe de musiciens pour vos soir\u00e9es d&rsquo;entreprise !<\/a><\/p>\n\n\n\n<div class=\"wp-block-media-text alignwide has-very-light-gray-background-color has-background\"><figure class=\"wp-block-media-text__media\"><img loading=\"lazy\" decoding=\"async\" width=\"2575\" height=\"1037\" src=\"http:\/\/zo2rkaezon.preview.infomaniak.website\/wp-content\/uploads\/2019\/01\/en-t\u00eate-\u00e0-propos5-e1547368170183.jpg\" alt=\"\" class=\"wp-image-506 size-full\"\/><\/figure><div class=\"wp-block-media-text__content\">\n<p class=\"has-text-align-center has-medium-font-size\"><a href=\"http:\/\/zo2rkaezon.preview.infomaniak.website\/index.php\/contact\/\">Contact et devis  ?&nbsp;C&rsquo;est&nbsp;ici&nbsp;!<\/a><\/p>\n<\/div><\/div>\n\n\n\n<p><br><\/p>\n","protected":false},"excerpt":{"rendered":"<p>Vous recherchez des id\u00e9es pour vos activit\u00e9s team building ? Vous avez envie d&rsquo;activit\u00e9s diff\u00e9rentes permettant d&rsquo;allier la comp\u00e9tence au jeu ? Choisissez des intervenants comp\u00e9tents dans les domaines de la musique et du coaching vocal ! Id\u00e9e N\u00b01 pour vos team building : des ateliers ludiques de coaching vocal pour vos activit\u00e9s d&rsquo;entreprise sur&#8230;<\/p>\n<p><a href=\"https:\/\/inspirations-sonores.com\/index.php\/des-activites-team-bulding-pour-vos-evenements-dentreprise\/\"><span class=\"glyphicon glyphicon-arrow-right\"><\/span>&nbsp;Poursuivre la lecture<\/a><\/p>","protected":false},"author":1,"featured_media":1876,"parent":0,"menu_order":0,"comment_status":"closed","ping_status":"closed","template":"","meta":{"footnotes":""},"class_list":["post-1862","page","type-page","status-publish","has-post-thumbnail","hentry"],"yoast_head":"<!-- This site is optimized with the Yoast SEO plugin v27.3 - https:\/\/yoast.com\/product\/yoast-seo-wordpress\/ -->\n<title>Des Activit\u00e9s team bulding pour vos \u00e9v\u00e9nements d&#039;entreprise - Inspirations Sonores<\/title>\n<meta name=\"robots\" content=\"index, follow, max-snippet:-1, max-image-preview:large, max-video-preview:-1\" \/>\n<link rel=\"canonical\" href=\"https:\/\/inspirations-sonores.com\/index.php\/des-activites-team-bulding-pour-vos-evenements-dentreprise\/\" \/>\n<meta property=\"og:locale\" content=\"fr_FR\" \/>\n<meta property=\"og:type\" content=\"article\" \/>\n<meta property=\"og:title\" content=\"Des Activit\u00e9s team bulding pour vos \u00e9v\u00e9nements d&#039;entreprise - Inspirations Sonores\" \/>\n<meta property=\"og:description\" content=\"Vous recherchez des id\u00e9es pour vos activit\u00e9s team building ? Vous avez envie d&rsquo;activit\u00e9s diff\u00e9rentes permettant d&rsquo;allier la comp\u00e9tence au jeu ? Choisissez des intervenants comp\u00e9tents dans les domaines de la musique et du coaching vocal ! Id\u00e9e N\u00b01 pour vos team building : des ateliers ludiques de coaching vocal pour vos activit\u00e9s d&rsquo;entreprise sur...\" \/>\n<meta property=\"og:url\" content=\"https:\/\/inspirations-sonores.com\/index.php\/des-activites-team-bulding-pour-vos-evenements-dentreprise\/\" \/>\n<meta property=\"og:site_name\" content=\"Inspirations Sonores\" \/>\n<meta property=\"article:publisher\" content=\"https:\/\/www.facebook.com\/InspirationsSonores\/\" \/>\n<meta property=\"article:modified_time\" content=\"2024-10-31T10:20:43+00:00\" \/>\n<meta property=\"og:image\" content=\"https:\/\/inspirations-sonores.com\/wp-content\/uploads\/2020\/03\/people-2569234_1280.jpg\" \/>\n\t<meta property=\"og:image:width\" content=\"1280\" \/>\n\t<meta property=\"og:image:height\" content=\"707\" \/>\n\t<meta property=\"og:image:type\" content=\"image\/jpeg\" \/>\n<meta name=\"twitter:card\" content=\"summary_large_image\" \/>\n<meta name=\"twitter:label1\" content=\"Dur\u00e9e de lecture estim\u00e9e\" \/>\n\t<meta name=\"twitter:data1\" content=\"3 minutes\" \/>\n<script type=\"application\/ld+json\" class=\"yoast-schema-graph\">{\"@context\":\"https:\\\/\\\/schema.org\",\"@graph\":[{\"@type\":\"WebPage\",\"@id\":\"https:\\\/\\\/inspirations-sonores.com\\\/index.php\\\/des-activites-team-bulding-pour-vos-evenements-dentreprise\\\/\",\"url\":\"https:\\\/\\\/inspirations-sonores.com\\\/index.php\\\/des-activites-team-bulding-pour-vos-evenements-dentreprise\\\/\",\"name\":\"Des Activit\u00e9s team bulding pour vos \u00e9v\u00e9nements d'entreprise - Inspirations Sonores\",\"isPartOf\":{\"@id\":\"https:\\\/\\\/inspirations-sonores.com\\\/#website\"},\"primaryImageOfPage\":{\"@id\":\"https:\\\/\\\/inspirations-sonores.com\\\/index.php\\\/des-activites-team-bulding-pour-vos-evenements-dentreprise\\\/#primaryimage\"},\"image\":{\"@id\":\"https:\\\/\\\/inspirations-sonores.com\\\/index.php\\\/des-activites-team-bulding-pour-vos-evenements-dentreprise\\\/#primaryimage\"},\"thumbnailUrl\":\"https:\\\/\\\/inspirations-sonores.com\\\/wp-content\\\/uploads\\\/2020\\\/03\\\/people-2569234_1280.jpg\",\"datePublished\":\"2020-03-06T12:12:50+00:00\",\"dateModified\":\"2024-10-31T10:20:43+00:00\",\"breadcrumb\":{\"@id\":\"https:\\\/\\\/inspirations-sonores.com\\\/index.php\\\/des-activites-team-bulding-pour-vos-evenements-dentreprise\\\/#breadcrumb\"},\"inLanguage\":\"fr-FR\",\"potentialAction\":[{\"@type\":\"ReadAction\",\"target\":[\"https:\\\/\\\/inspirations-sonores.com\\\/index.php\\\/des-activites-team-bulding-pour-vos-evenements-dentreprise\\\/\"]}]},{\"@type\":\"ImageObject\",\"inLanguage\":\"fr-FR\",\"@id\":\"https:\\\/\\\/inspirations-sonores.com\\\/index.php\\\/des-activites-team-bulding-pour-vos-evenements-dentreprise\\\/#primaryimage\",\"url\":\"https:\\\/\\\/inspirations-sonores.com\\\/wp-content\\\/uploads\\\/2020\\\/03\\\/people-2569234_1280.jpg\",\"contentUrl\":\"https:\\\/\\\/inspirations-sonores.com\\\/wp-content\\\/uploads\\\/2020\\\/03\\\/people-2569234_1280.jpg\",\"width\":1280,\"height\":707,\"caption\":\"musiciens activit\u00e9s team building entreprise soir\u00e9e d'entreprise\"},{\"@type\":\"BreadcrumbList\",\"@id\":\"https:\\\/\\\/inspirations-sonores.com\\\/index.php\\\/des-activites-team-bulding-pour-vos-evenements-dentreprise\\\/#breadcrumb\",\"itemListElement\":[{\"@type\":\"ListItem\",\"position\":1,\"name\":\"Accueil\",\"item\":\"https:\\\/\\\/inspirations-sonores.com\\\/\"},{\"@type\":\"ListItem\",\"position\":2,\"name\":\"Des Activit\u00e9s team bulding pour vos \u00e9v\u00e9nements d&rsquo;entreprise\"}]},{\"@type\":\"WebSite\",\"@id\":\"https:\\\/\\\/inspirations-sonores.com\\\/#website\",\"url\":\"https:\\\/\\\/inspirations-sonores.com\\\/\",\"name\":\"Inspirations Sonores\",\"description\":\"La musique, mais pas que...\",\"publisher\":{\"@id\":\"https:\\\/\\\/inspirations-sonores.com\\\/#organization\"},\"potentialAction\":[{\"@type\":\"SearchAction\",\"target\":{\"@type\":\"EntryPoint\",\"urlTemplate\":\"https:\\\/\\\/inspirations-sonores.com\\\/?s={search_term_string}\"},\"query-input\":{\"@type\":\"PropertyValueSpecification\",\"valueRequired\":true,\"valueName\":\"search_term_string\"}}],\"inLanguage\":\"fr-FR\"},{\"@type\":\"Organization\",\"@id\":\"https:\\\/\\\/inspirations-sonores.com\\\/#organization\",\"name\":\"Inspirations Sonores\",\"url\":\"https:\\\/\\\/inspirations-sonores.com\\\/\",\"logo\":{\"@type\":\"ImageObject\",\"inLanguage\":\"fr-FR\",\"@id\":\"https:\\\/\\\/inspirations-sonores.com\\\/#\\\/schema\\\/logo\\\/image\\\/\",\"url\":\"https:\\\/\\\/inspirations-sonores.com\\\/wp-content\\\/uploads\\\/2017\\\/01\\\/cropped-logo-fondblanc.jpg\",\"contentUrl\":\"https:\\\/\\\/inspirations-sonores.com\\\/wp-content\\\/uploads\\\/2017\\\/01\\\/cropped-logo-fondblanc.jpg\",\"width\":512,\"height\":512,\"caption\":\"Inspirations Sonores\"},\"image\":{\"@id\":\"https:\\\/\\\/inspirations-sonores.com\\\/#\\\/schema\\\/logo\\\/image\\\/\"},\"sameAs\":[\"https:\\\/\\\/www.facebook.com\\\/InspirationsSonores\\\/\",\"https:\\\/\\\/www.instagram.com\\\/claire_sax_in_the_wood\\\/reels\\\/\"]}]}<\/script>\n<!-- \/ Yoast SEO plugin. -->","yoast_head_json":{"title":"Des Activit\u00e9s team bulding pour vos \u00e9v\u00e9nements d'entreprise - Inspirations Sonores","robots":{"index":"index","follow":"follow","max-snippet":"max-snippet:-1","max-image-preview":"max-image-preview:large","max-video-preview":"max-video-preview:-1"},"canonical":"https:\/\/inspirations-sonores.com\/index.php\/des-activites-team-bulding-pour-vos-evenements-dentreprise\/","og_locale":"fr_FR","og_type":"article","og_title":"Des Activit\u00e9s team bulding pour vos \u00e9v\u00e9nements d'entreprise - Inspirations Sonores","og_description":"Vous recherchez des id\u00e9es pour vos activit\u00e9s team building ? Vous avez envie d&rsquo;activit\u00e9s diff\u00e9rentes permettant d&rsquo;allier la comp\u00e9tence au jeu ? Choisissez des intervenants comp\u00e9tents dans les domaines de la musique et du coaching vocal ! Id\u00e9e N\u00b01 pour vos team building : des ateliers ludiques de coaching vocal pour vos activit\u00e9s d&rsquo;entreprise sur...","og_url":"https:\/\/inspirations-sonores.com\/index.php\/des-activites-team-bulding-pour-vos-evenements-dentreprise\/","og_site_name":"Inspirations Sonores","article_publisher":"https:\/\/www.facebook.com\/InspirationsSonores\/","article_modified_time":"2024-10-31T10:20:43+00:00","og_image":[{"width":1280,"height":707,"url":"https:\/\/inspirations-sonores.com\/wp-content\/uploads\/2020\/03\/people-2569234_1280.jpg","type":"image\/jpeg"}],"twitter_card":"summary_large_image","twitter_misc":{"Dur\u00e9e de lecture estim\u00e9e":"3 minutes"},"schema":{"@context":"https:\/\/schema.org","@graph":[{"@type":"WebPage","@id":"https:\/\/inspirations-sonores.com\/index.php\/des-activites-team-bulding-pour-vos-evenements-dentreprise\/","url":"https:\/\/inspirations-sonores.com\/index.php\/des-activites-team-bulding-pour-vos-evenements-dentreprise\/","name":"Des Activit\u00e9s team bulding pour vos \u00e9v\u00e9nements d'entreprise - Inspirations Sonores","isPartOf":{"@id":"https:\/\/inspirations-sonores.com\/#website"},"primaryImageOfPage":{"@id":"https:\/\/inspirations-sonores.com\/index.php\/des-activites-team-bulding-pour-vos-evenements-dentreprise\/#primaryimage"},"image":{"@id":"https:\/\/inspirations-sonores.com\/index.php\/des-activites-team-bulding-pour-vos-evenements-dentreprise\/#primaryimage"},"thumbnailUrl":"https:\/\/inspirations-sonores.com\/wp-content\/uploads\/2020\/03\/people-2569234_1280.jpg","datePublished":"2020-03-06T12:12:50+00:00","dateModified":"2024-10-31T10:20:43+00:00","breadcrumb":{"@id":"https:\/\/inspirations-sonores.com\/index.php\/des-activites-team-bulding-pour-vos-evenements-dentreprise\/#breadcrumb"},"inLanguage":"fr-FR","potentialAction":[{"@type":"ReadAction","target":["https:\/\/inspirations-sonores.com\/index.php\/des-activites-team-bulding-pour-vos-evenements-dentreprise\/"]}]},{"@type":"ImageObject","inLanguage":"fr-FR","@id":"https:\/\/inspirations-sonores.com\/index.php\/des-activites-team-bulding-pour-vos-evenements-dentreprise\/#primaryimage","url":"https:\/\/inspirations-sonores.com\/wp-content\/uploads\/2020\/03\/people-2569234_1280.jpg","contentUrl":"https:\/\/inspirations-sonores.com\/wp-content\/uploads\/2020\/03\/people-2569234_1280.jpg","width":1280,"height":707,"caption":"musiciens activit\u00e9s team building entreprise soir\u00e9e d'entreprise"},{"@type":"BreadcrumbList","@id":"https:\/\/inspirations-sonores.com\/index.php\/des-activites-team-bulding-pour-vos-evenements-dentreprise\/#breadcrumb","itemListElement":[{"@type":"ListItem","position":1,"name":"Accueil","item":"https:\/\/inspirations-sonores.com\/"},{"@type":"ListItem","position":2,"name":"Des Activit\u00e9s team bulding pour vos \u00e9v\u00e9nements d&rsquo;entreprise"}]},{"@type":"WebSite","@id":"https:\/\/inspirations-sonores.com\/#website","url":"https:\/\/inspirations-sonores.com\/","name":"Inspirations Sonores","description":"La musique, mais pas que...","publisher":{"@id":"https:\/\/inspirations-sonores.com\/#organization"},"potentialAction":[{"@type":"SearchAction","target":{"@type":"EntryPoint","urlTemplate":"https:\/\/inspirations-sonores.com\/?s={search_term_string}"},"query-input":{"@type":"PropertyValueSpecification","valueRequired":true,"valueName":"search_term_string"}}],"inLanguage":"fr-FR"},{"@type":"Organization","@id":"https:\/\/inspirations-sonores.com\/#organization","name":"Inspirations Sonores","url":"https:\/\/inspirations-sonores.com\/","logo":{"@type":"ImageObject","inLanguage":"fr-FR","@id":"https:\/\/inspirations-sonores.com\/#\/schema\/logo\/image\/","url":"https:\/\/inspirations-sonores.com\/wp-content\/uploads\/2017\/01\/cropped-logo-fondblanc.jpg","contentUrl":"https:\/\/inspirations-sonores.com\/wp-content\/uploads\/2017\/01\/cropped-logo-fondblanc.jpg","width":512,"height":512,"caption":"Inspirations Sonores"},"image":{"@id":"https:\/\/inspirations-sonores.com\/#\/schema\/logo\/image\/"},"sameAs":["https:\/\/www.facebook.com\/InspirationsSonores\/","https:\/\/www.instagram.com\/claire_sax_in_the_wood\/reels\/"]}]}},"_links":{"self":[{"href":"https:\/\/inspirations-sonores.com\/index.php\/wp-json\/wp\/v2\/pages\/1862","targetHints":{"allow":["GET"]}}],"collection":[{"href":"https:\/\/inspirations-sonores.com\/index.php\/wp-json\/wp\/v2\/pages"}],"about":[{"href":"https:\/\/inspirations-sonores.com\/index.php\/wp-json\/wp\/v2\/types\/page"}],"author":[{"embeddable":true,"href":"https:\/\/inspirations-sonores.com\/index.php\/wp-json\/wp\/v2\/users\/1"}],"replies":[{"embeddable":true,"href":"https:\/\/inspirations-sonores.com\/index.php\/wp-json\/wp\/v2\/comments?post=1862"}],"version-history":[{"count":1,"href":"https:\/\/inspirations-sonores.com\/index.php\/wp-json\/wp\/v2\/pages\/1862\/revisions"}],"predecessor-version":[{"id":2036,"href":"https:\/\/inspirations-sonores.com\/index.php\/wp-json\/wp\/v2\/pages\/1862\/revisions\/2036"}],"wp:featuredmedia":[{"embeddable":true,"href":"https:\/\/inspirations-sonores.com\/index.php\/wp-json\/wp\/v2\/media\/1876"}],"wp:attachment":[{"href":"https:\/\/inspirations-sonores.com\/index.php\/wp-json\/wp\/v2\/media?parent=1862"}],"curies":[{"name":"wp","href":"https:\/\/api.w.org\/{rel}","templated":true}]}}