{"id":1263,"date":"2019-09-06T09:51:28","date_gmt":"2019-09-06T07:51:28","guid":{"rendered":"http:\/\/zo2rkaezon.preview.infomaniak.website\/?page_id=1263"},"modified":"2020-03-06T12:10:08","modified_gmt":"2020-03-06T11:10:08","slug":"groupe-musiciens-mariage-herault-gard","status":"publish","type":"page","link":"https:\/\/inspirations-sonores.com\/index.php\/votre-mariage\/groupe-musiciens-mariage-herault-gard\/","title":{"rendered":"Un groupe de musique pour votre mariage, H\u00e9rault, Gard"},"content":{"rendered":"\n<p class=\"has-text-color has-medium-font-size has-vivid-red-color\">Des musiciens pour votre c\u00e9r\u00e9monie, votre vin d&rsquo;honneur, votre repas&#8230;  <\/p>\n\n\n\n<p>Pour cet \u00e9v\u00e9nement exceptionnel, faites appel \u00e0 des <strong>musiciens professionnels<\/strong> qui pourront cr\u00e9er pour vous une ambiance musicale unique. <\/p>\n\n\n\n<p>En duo, ou en trio, Sax in the Wood fera de votre soir\u00e9e un moment inoubliable, avec un r\u00e9pertoire m\u00ealant <strong>jazz, pop, soul, funk, vari\u00e9t\u00e9 internationale<\/strong> et <strong>compositions originales<\/strong> pour une <strong>prestation haut-de-gamme.<\/strong><\/p>\n\n\n\n<p>Vous avez un titre musical qui vous tient particuli\u00e8rement \u00e0 c\u0153ur ? Le duo se fera un plaisir de cr\u00e9er pour vous une <strong>r\u00e9adaptation unique<\/strong> et personnelle de ce titre.<\/p>\n\n\n\n<p class=\"has-text-color has-medium-font-size has-vivid-red-color\">Une prestation adaptable<\/p>\n\n\n\n<p>Selon l&rsquo;ambiance choisie, les musiciens peuvent vous proposer 3 formules : <\/p>\n\n\n\n<p class=\"has-background has-very-light-gray-background-color\"><strong>Formule n\u00b01 :<\/strong> <br>Une intervention ponctuelle \u00e0 l&rsquo;\u00e9glise ou dans le lieu de votre choix sur un titre choisi (Chant lyrique ou gospel, th\u00e8mes c\u00e9l\u00e8bres au saxophone\u2026 ) <\/p>\n\n\n\n<p class=\"has-background has-very-light-gray-background-color\"><strong>Formule n\u00b02 : <\/strong><br>Concert priv\u00e9 dans un esprit Lounge pour le vin d&rsquo;honneur, le repas ou le cocktail (environ deux heures entrecoup\u00e9es de pauses musicales)<\/p>\n\n\n\n<p class=\"has-background has-very-light-gray-background-color\"><strong>Formule n\u00b03 : <\/strong><br>Premi\u00e8re partie de soir\u00e9e festive et dansante (environ 1h30) avant l&rsquo;intervention \u00e9ventuelle d&rsquo;un DJ et Sax performing.<\/p>\n\n\n\n<p>Possibilit\u00e9 de jouer en<strong> int\u00e9rieur <\/strong>ou en <strong>ext\u00e9rieur<\/strong>, dans l&rsquo;H\u00e9rault, le Gard et le sud de la France. Lors de la prestation, une <strong>musique d&rsquo;ambiance<\/strong>, dans l&rsquo;esprit de la formule choisie, prendra le relais lors des moments de pause des artistes, ou fera les encha\u00eenements entre les diff\u00e9rentes formules. <\/p>\n\n\n\n<p class=\"has-text-color has-medium-font-size has-vivid-red-color\">Un r\u00e9pertoire vari\u00e9<\/p>\n\n\n\n<p>Le r\u00e9pertoire de Sax in the Wood se constitue de <strong>compositions personnelles <\/strong>et de <strong>reprises c\u00e9l\u00e8bres<\/strong>, r\u00e9adapt\u00e9es dans un style unique, m\u00ealant tour \u00e0 tour chanson fran\u00e7aise, pop, funk, soul, jazz ou electro.<\/p>\n\n\n\n<p class=\"has-background has-very-light-gray-background-color\"><em>Reprises et influences : Amy Winehouse, Aretha Franklin, James Brown, Stevie Wonder, Ed Sheeran, Sting, Sia, Beyonc\u00e9, Camillia Cabelo, Bruno Mars, Jamiroquai, Pharrell Williams, Nina Simone, Meghan Trainor, Justin Timberlake ..<\/em><br><\/p>\n\n\n\n<p style=\"text-align:center\" class=\"has-text-color has-medium-font-size has-very-dark-gray-color\">2 ambiances au choix : lounge ou festive<\/p>\n\n\n\n<p><strong>Ambiance lounge : concert acoustique<\/strong><\/p>\n\n\n\n<figure class=\"wp-block-embed-youtube wp-block-embed is-type-video is-provider-youtube wp-embed-aspect-16-9 wp-has-aspect-ratio\"><div class=\"wp-block-embed__wrapper\">\n<iframe loading=\"lazy\" width=\"750\" height=\"422\" src=\"https:\/\/www.youtube.com\/embed\/0eAmZsuLy3s?feature=oembed\" frameborder=\"0\" allow=\"accelerometer; autoplay; encrypted-media; gyroscope; picture-in-picture\" allowfullscreen><\/iframe>\n<\/div><\/figure>\n\n\n\n<p><strong>Ambiance festive : un r\u00e9pertoire plus funk et Punchy<\/strong><\/p>\n\n\n\n<figure class=\"wp-block-embed-youtube wp-block-embed is-type-video is-provider-youtube wp-embed-aspect-16-9 wp-has-aspect-ratio\"><div class=\"wp-block-embed__wrapper\">\n<iframe loading=\"lazy\" width=\"750\" height=\"422\" src=\"https:\/\/www.youtube.com\/embed\/nPwYat2Fws4?feature=oembed\" frameborder=\"0\" allow=\"accelerometer; autoplay; encrypted-media; gyroscope; picture-in-picture\" allowfullscreen><\/iframe>\n<\/div><\/figure>\n\n\n<p><\/p>","protected":false},"excerpt":{"rendered":"<p>Des musiciens pour votre c\u00e9r\u00e9monie, votre vin d&rsquo;honneur, votre repas&#8230; Pour cet \u00e9v\u00e9nement exceptionnel, faites appel \u00e0 des musiciens professionnels qui pourront cr\u00e9er pour vous une ambiance musicale unique. En duo, ou en trio, Sax in the Wood fera de votre soir\u00e9e un moment inoubliable, avec un r\u00e9pertoire m\u00ealant jazz, pop, soul, funk, vari\u00e9t\u00e9 internationale&#8230;<\/p>\n<p><a href=\"https:\/\/inspirations-sonores.com\/index.php\/votre-mariage\/groupe-musiciens-mariage-herault-gard\/\"><span class=\"glyphicon glyphicon-arrow-right\"><\/span>&nbsp;Poursuivre la lecture<\/a><\/p>","protected":false},"author":1,"featured_media":857,"parent":253,"menu_order":0,"comment_status":"closed","ping_status":"closed","template":"","meta":{"footnotes":""},"class_list":["post-1263","page","type-page","status-publish","has-post-thumbnail","hentry"],"yoast_head":"<!-- This site is optimized with the Yoast SEO plugin v27.3 - https:\/\/yoast.com\/product\/yoast-seo-wordpress\/ -->\n<title>Un groupe de musique pour votre mariage, H\u00e9rault, Gard - Inspirations Sonores<\/title>\n<meta name=\"description\" content=\"Musiciens mariage, cocktail, c\u00e9r\u00e9monie... dans le gard et l&#039;h\u00e9rault. Duo avec chanteuse, saxophoniste, pianiste, jazz, lounge, pop, funk, swing... Live\" \/>\n<meta name=\"robots\" content=\"index, follow, max-snippet:-1, max-image-preview:large, max-video-preview:-1\" \/>\n<link rel=\"canonical\" href=\"https:\/\/inspirations-sonores.com\/index.php\/votre-mariage\/groupe-musiciens-mariage-herault-gard\/\" \/>\n<meta property=\"og:locale\" content=\"fr_FR\" \/>\n<meta property=\"og:type\" content=\"article\" \/>\n<meta property=\"og:title\" content=\"Un groupe de musique pour votre mariage, H\u00e9rault, Gard - Inspirations Sonores\" \/>\n<meta property=\"og:description\" content=\"Musiciens mariage, cocktail, c\u00e9r\u00e9monie... dans le gard et l&#039;h\u00e9rault. Duo avec chanteuse, saxophoniste, pianiste, jazz, lounge, pop, funk, swing... Live\" \/>\n<meta property=\"og:url\" content=\"https:\/\/inspirations-sonores.com\/index.php\/votre-mariage\/groupe-musiciens-mariage-herault-gard\/\" \/>\n<meta property=\"og:site_name\" content=\"Inspirations Sonores\" \/>\n<meta property=\"article:publisher\" content=\"https:\/\/www.facebook.com\/InspirationsSonores\/\" \/>\n<meta property=\"article:modified_time\" content=\"2020-03-06T11:10:08+00:00\" \/>\n<meta property=\"og:image\" content=\"https:\/\/inspirations-sonores.com\/wp-content\/uploads\/2019\/02\/visuel-Fb-10ok.jpg\" \/>\n\t<meta property=\"og:image:width\" content=\"1000\" \/>\n\t<meta property=\"og:image:height\" content=\"525\" \/>\n\t<meta property=\"og:image:type\" content=\"image\/jpeg\" \/>\n<meta name=\"twitter:card\" content=\"summary_large_image\" \/>\n<meta name=\"twitter:label1\" content=\"Dur\u00e9e de lecture estim\u00e9e\" \/>\n\t<meta name=\"twitter:data1\" content=\"2 minutes\" \/>\n<script type=\"application\/ld+json\" class=\"yoast-schema-graph\">{\"@context\":\"https:\\\/\\\/schema.org\",\"@graph\":[{\"@type\":\"WebPage\",\"@id\":\"https:\\\/\\\/inspirations-sonores.com\\\/index.php\\\/votre-mariage\\\/groupe-musiciens-mariage-herault-gard\\\/\",\"url\":\"https:\\\/\\\/inspirations-sonores.com\\\/index.php\\\/votre-mariage\\\/groupe-musiciens-mariage-herault-gard\\\/\",\"name\":\"Un groupe de musique pour votre mariage, H\u00e9rault, Gard - Inspirations Sonores\",\"isPartOf\":{\"@id\":\"https:\\\/\\\/inspirations-sonores.com\\\/#website\"},\"primaryImageOfPage\":{\"@id\":\"https:\\\/\\\/inspirations-sonores.com\\\/index.php\\\/votre-mariage\\\/groupe-musiciens-mariage-herault-gard\\\/#primaryimage\"},\"image\":{\"@id\":\"https:\\\/\\\/inspirations-sonores.com\\\/index.php\\\/votre-mariage\\\/groupe-musiciens-mariage-herault-gard\\\/#primaryimage\"},\"thumbnailUrl\":\"https:\\\/\\\/inspirations-sonores.com\\\/wp-content\\\/uploads\\\/2019\\\/02\\\/visuel-Fb-10ok.jpg\",\"datePublished\":\"2019-09-06T07:51:28+00:00\",\"dateModified\":\"2020-03-06T11:10:08+00:00\",\"description\":\"Musiciens mariage, cocktail, c\u00e9r\u00e9monie... dans le gard et l'h\u00e9rault. Duo avec chanteuse, saxophoniste, pianiste, jazz, lounge, pop, funk, swing... Live\",\"breadcrumb\":{\"@id\":\"https:\\\/\\\/inspirations-sonores.com\\\/index.php\\\/votre-mariage\\\/groupe-musiciens-mariage-herault-gard\\\/#breadcrumb\"},\"inLanguage\":\"fr-FR\",\"potentialAction\":[{\"@type\":\"ReadAction\",\"target\":[\"https:\\\/\\\/inspirations-sonores.com\\\/index.php\\\/votre-mariage\\\/groupe-musiciens-mariage-herault-gard\\\/\"]}]},{\"@type\":\"ImageObject\",\"inLanguage\":\"fr-FR\",\"@id\":\"https:\\\/\\\/inspirations-sonores.com\\\/index.php\\\/votre-mariage\\\/groupe-musiciens-mariage-herault-gard\\\/#primaryimage\",\"url\":\"https:\\\/\\\/inspirations-sonores.com\\\/wp-content\\\/uploads\\\/2019\\\/02\\\/visuel-Fb-10ok.jpg\",\"contentUrl\":\"https:\\\/\\\/inspirations-sonores.com\\\/wp-content\\\/uploads\\\/2019\\\/02\\\/visuel-Fb-10ok.jpg\",\"width\":1000,\"height\":525},{\"@type\":\"BreadcrumbList\",\"@id\":\"https:\\\/\\\/inspirations-sonores.com\\\/index.php\\\/votre-mariage\\\/groupe-musiciens-mariage-herault-gard\\\/#breadcrumb\",\"itemListElement\":[{\"@type\":\"ListItem\",\"position\":1,\"name\":\"Accueil\",\"item\":\"https:\\\/\\\/inspirations-sonores.com\\\/\"},{\"@type\":\"ListItem\",\"position\":2,\"name\":\"Votre mariage\",\"item\":\"https:\\\/\\\/inspirations-sonores.com\\\/index.php\\\/votre-mariage\\\/\"},{\"@type\":\"ListItem\",\"position\":3,\"name\":\"Un groupe de musique pour votre mariage, H\u00e9rault, Gard\"}]},{\"@type\":\"WebSite\",\"@id\":\"https:\\\/\\\/inspirations-sonores.com\\\/#website\",\"url\":\"https:\\\/\\\/inspirations-sonores.com\\\/\",\"name\":\"Inspirations Sonores\",\"description\":\"La musique, mais pas que...\",\"publisher\":{\"@id\":\"https:\\\/\\\/inspirations-sonores.com\\\/#organization\"},\"potentialAction\":[{\"@type\":\"SearchAction\",\"target\":{\"@type\":\"EntryPoint\",\"urlTemplate\":\"https:\\\/\\\/inspirations-sonores.com\\\/?s={search_term_string}\"},\"query-input\":{\"@type\":\"PropertyValueSpecification\",\"valueRequired\":true,\"valueName\":\"search_term_string\"}}],\"inLanguage\":\"fr-FR\"},{\"@type\":\"Organization\",\"@id\":\"https:\\\/\\\/inspirations-sonores.com\\\/#organization\",\"name\":\"Inspirations Sonores\",\"url\":\"https:\\\/\\\/inspirations-sonores.com\\\/\",\"logo\":{\"@type\":\"ImageObject\",\"inLanguage\":\"fr-FR\",\"@id\":\"https:\\\/\\\/inspirations-sonores.com\\\/#\\\/schema\\\/logo\\\/image\\\/\",\"url\":\"https:\\\/\\\/inspirations-sonores.com\\\/wp-content\\\/uploads\\\/2017\\\/01\\\/cropped-logo-fondblanc.jpg\",\"contentUrl\":\"https:\\\/\\\/inspirations-sonores.com\\\/wp-content\\\/uploads\\\/2017\\\/01\\\/cropped-logo-fondblanc.jpg\",\"width\":512,\"height\":512,\"caption\":\"Inspirations Sonores\"},\"image\":{\"@id\":\"https:\\\/\\\/inspirations-sonores.com\\\/#\\\/schema\\\/logo\\\/image\\\/\"},\"sameAs\":[\"https:\\\/\\\/www.facebook.com\\\/InspirationsSonores\\\/\",\"https:\\\/\\\/www.instagram.com\\\/claire_sax_in_the_wood\\\/reels\\\/\"]}]}<\/script>\n<!-- \/ Yoast SEO plugin. -->","yoast_head_json":{"title":"Un groupe de musique pour votre mariage, H\u00e9rault, Gard - Inspirations Sonores","description":"Musiciens mariage, cocktail, c\u00e9r\u00e9monie... dans le gard et l'h\u00e9rault. Duo avec chanteuse, saxophoniste, pianiste, jazz, lounge, pop, funk, swing... Live","robots":{"index":"index","follow":"follow","max-snippet":"max-snippet:-1","max-image-preview":"max-image-preview:large","max-video-preview":"max-video-preview:-1"},"canonical":"https:\/\/inspirations-sonores.com\/index.php\/votre-mariage\/groupe-musiciens-mariage-herault-gard\/","og_locale":"fr_FR","og_type":"article","og_title":"Un groupe de musique pour votre mariage, H\u00e9rault, Gard - Inspirations Sonores","og_description":"Musiciens mariage, cocktail, c\u00e9r\u00e9monie... dans le gard et l'h\u00e9rault. Duo avec chanteuse, saxophoniste, pianiste, jazz, lounge, pop, funk, swing... Live","og_url":"https:\/\/inspirations-sonores.com\/index.php\/votre-mariage\/groupe-musiciens-mariage-herault-gard\/","og_site_name":"Inspirations Sonores","article_publisher":"https:\/\/www.facebook.com\/InspirationsSonores\/","article_modified_time":"2020-03-06T11:10:08+00:00","og_image":[{"width":1000,"height":525,"url":"https:\/\/inspirations-sonores.com\/wp-content\/uploads\/2019\/02\/visuel-Fb-10ok.jpg","type":"image\/jpeg"}],"twitter_card":"summary_large_image","twitter_misc":{"Dur\u00e9e de lecture estim\u00e9e":"2 minutes"},"schema":{"@context":"https:\/\/schema.org","@graph":[{"@type":"WebPage","@id":"https:\/\/inspirations-sonores.com\/index.php\/votre-mariage\/groupe-musiciens-mariage-herault-gard\/","url":"https:\/\/inspirations-sonores.com\/index.php\/votre-mariage\/groupe-musiciens-mariage-herault-gard\/","name":"Un groupe de musique pour votre mariage, H\u00e9rault, Gard - Inspirations Sonores","isPartOf":{"@id":"https:\/\/inspirations-sonores.com\/#website"},"primaryImageOfPage":{"@id":"https:\/\/inspirations-sonores.com\/index.php\/votre-mariage\/groupe-musiciens-mariage-herault-gard\/#primaryimage"},"image":{"@id":"https:\/\/inspirations-sonores.com\/index.php\/votre-mariage\/groupe-musiciens-mariage-herault-gard\/#primaryimage"},"thumbnailUrl":"https:\/\/inspirations-sonores.com\/wp-content\/uploads\/2019\/02\/visuel-Fb-10ok.jpg","datePublished":"2019-09-06T07:51:28+00:00","dateModified":"2020-03-06T11:10:08+00:00","description":"Musiciens mariage, cocktail, c\u00e9r\u00e9monie... dans le gard et l'h\u00e9rault. Duo avec chanteuse, saxophoniste, pianiste, jazz, lounge, pop, funk, swing... Live","breadcrumb":{"@id":"https:\/\/inspirations-sonores.com\/index.php\/votre-mariage\/groupe-musiciens-mariage-herault-gard\/#breadcrumb"},"inLanguage":"fr-FR","potentialAction":[{"@type":"ReadAction","target":["https:\/\/inspirations-sonores.com\/index.php\/votre-mariage\/groupe-musiciens-mariage-herault-gard\/"]}]},{"@type":"ImageObject","inLanguage":"fr-FR","@id":"https:\/\/inspirations-sonores.com\/index.php\/votre-mariage\/groupe-musiciens-mariage-herault-gard\/#primaryimage","url":"https:\/\/inspirations-sonores.com\/wp-content\/uploads\/2019\/02\/visuel-Fb-10ok.jpg","contentUrl":"https:\/\/inspirations-sonores.com\/wp-content\/uploads\/2019\/02\/visuel-Fb-10ok.jpg","width":1000,"height":525},{"@type":"BreadcrumbList","@id":"https:\/\/inspirations-sonores.com\/index.php\/votre-mariage\/groupe-musiciens-mariage-herault-gard\/#breadcrumb","itemListElement":[{"@type":"ListItem","position":1,"name":"Accueil","item":"https:\/\/inspirations-sonores.com\/"},{"@type":"ListItem","position":2,"name":"Votre mariage","item":"https:\/\/inspirations-sonores.com\/index.php\/votre-mariage\/"},{"@type":"ListItem","position":3,"name":"Un groupe de musique pour votre mariage, H\u00e9rault, Gard"}]},{"@type":"WebSite","@id":"https:\/\/inspirations-sonores.com\/#website","url":"https:\/\/inspirations-sonores.com\/","name":"Inspirations Sonores","description":"La musique, mais pas que...","publisher":{"@id":"https:\/\/inspirations-sonores.com\/#organization"},"potentialAction":[{"@type":"SearchAction","target":{"@type":"EntryPoint","urlTemplate":"https:\/\/inspirations-sonores.com\/?s={search_term_string}"},"query-input":{"@type":"PropertyValueSpecification","valueRequired":true,"valueName":"search_term_string"}}],"inLanguage":"fr-FR"},{"@type":"Organization","@id":"https:\/\/inspirations-sonores.com\/#organization","name":"Inspirations Sonores","url":"https:\/\/inspirations-sonores.com\/","logo":{"@type":"ImageObject","inLanguage":"fr-FR","@id":"https:\/\/inspirations-sonores.com\/#\/schema\/logo\/image\/","url":"https:\/\/inspirations-sonores.com\/wp-content\/uploads\/2017\/01\/cropped-logo-fondblanc.jpg","contentUrl":"https:\/\/inspirations-sonores.com\/wp-content\/uploads\/2017\/01\/cropped-logo-fondblanc.jpg","width":512,"height":512,"caption":"Inspirations Sonores"},"image":{"@id":"https:\/\/inspirations-sonores.com\/#\/schema\/logo\/image\/"},"sameAs":["https:\/\/www.facebook.com\/InspirationsSonores\/","https:\/\/www.instagram.com\/claire_sax_in_the_wood\/reels\/"]}]}},"_links":{"self":[{"href":"https:\/\/inspirations-sonores.com\/index.php\/wp-json\/wp\/v2\/pages\/1263","targetHints":{"allow":["GET"]}}],"collection":[{"href":"https:\/\/inspirations-sonores.com\/index.php\/wp-json\/wp\/v2\/pages"}],"about":[{"href":"https:\/\/inspirations-sonores.com\/index.php\/wp-json\/wp\/v2\/types\/page"}],"author":[{"embeddable":true,"href":"https:\/\/inspirations-sonores.com\/index.php\/wp-json\/wp\/v2\/users\/1"}],"replies":[{"embeddable":true,"href":"https:\/\/inspirations-sonores.com\/index.php\/wp-json\/wp\/v2\/comments?post=1263"}],"version-history":[{"count":0,"href":"https:\/\/inspirations-sonores.com\/index.php\/wp-json\/wp\/v2\/pages\/1263\/revisions"}],"up":[{"embeddable":true,"href":"https:\/\/inspirations-sonores.com\/index.php\/wp-json\/wp\/v2\/pages\/253"}],"wp:featuredmedia":[{"embeddable":true,"href":"https:\/\/inspirations-sonores.com\/index.php\/wp-json\/wp\/v2\/media\/857"}],"wp:attachment":[{"href":"https:\/\/inspirations-sonores.com\/index.php\/wp-json\/wp\/v2\/media?parent=1263"}],"curies":[{"name":"wp","href":"https:\/\/api.w.org\/{rel}","templated":true}]}}